
21022
What is -8c (base 14) in base 6?
-324
What is 13328 (base 9) in base 12?
5275
10000111100 (base 2) to base 3
1111011
Convert -1a9 (base 16) to base 7.
-1145
70310 (base 8) to base 14
a744
Convert 406 (base 11) to base 15.
22a
Convert 22020 (base 6) to base 11.
2310
-4230 (base 5) to base 8
-1065
Convert 10072 (base 11) to base 8.
34600
Convert -74c5 (base 15) to base 8.
-60206
What is 9a8 (base 16) in base 10?
2472
What is -5252 (base 9) in base 5?
-110404
Convert -12002222 (base 3) to base 14.
-1501
Convert 9bc7 (base 13) to base 2.
101010100100011
Convert 4b (base 16) to base 7.
135
What is 300 (base 4) in base 12?
40
22453 (base 6) to base 13
15c3
Convert -10010000 (base 2) to base 4.
-2100
Convert -a16a (base 11) to base 16.
-34c3
Convert -21782 (base 9) to base 6.
-151032
-27762 (base 9) to base 16
-49a0
Convert 246 (base 7) to base 8.
204
What is 11a5a (base 13) in base 9?
48546
-1211021112 (base 3) to base 6
-434152
-308 (base 9) to base 5
-2001
Convert -1a94 (base 15) to base 5.
-141024
120 (base 6) to base 9
53
Convert 3635 (base 9) to base 6.
20305
Convert 1a1 (base 11) to base 9.
277
13037 (base 8) to base 13
2768
-249 (base 12) to base 3
-110210
4308 (base 9) to base 6
22355
-1a8 (base 16) to base 11
-356
-1b158 (base 12) to base 11
-28024
What is -4441 (base 12) in base 10?
-7537
Convert 2243 (base 6) to base 3.
201200
Convert 2830 (base 13) to base 12.
3421
What is -22141 (base 5) in base 9?
-2107
Convert -15 (base 10) to base 2.
-1111
Convert -b7e (base 15) to base 4.
-220202
-4127 (base 8) to base 10
-2135
What is -190 (base 12) in base 10?
-252
33230 (base 4) to base 12
6b8
247 (base 13) to base 10
397
Convert -4766 (base 8) to base 2.
-100111110110
Convert 2021223 (base 4) to base 8.
21153
What is 12b4 (base 15) in base 14?
1654
Convert -1530 (base 10) to base 8.
-2772
What is -121 (base 7) in base 14?
-48
What is 268e (base 16) in base 5?
303440
-1114441 (base 5) to base 11
-14029
What is 43b5 (base 13) in base 16?
24e3
Convert -1100011001 (base 3) to base 7.
-136555
-620 (base 12) to base 15
-3e3
What is -2120121 (base 3) in base 16?
-757
What is 2302 (base 6) in base 8?
1036
-7312 (base 10) to base 6
-53504
What is 46a6 (base 11) in base 14?
2366
What is -3558 (base 10) in base 4?
-313212
What is -59a8 (base 11) in base 16?
-1eb6
Convert -26236 (base 7) to base 15.
-210a
Convert 5786 (base 14) to base 2.
11101101101010
-4200 (base 6) to base 3
-1021200
2751 (base 9) to base 4
200113
What is -7687 (base 10) in base 15?
-2427
Convert -5083 (base 12) to base 16.
-2223
Convert -12201102 (base 3) to base 6.
-31145
Convert -6b69 (base 15) to base 10.
-22824
What is -10000001000101 (base 2) in base 8?
-20105
-1665 (base 7) to base 10
-684
What is -6213 (base 7) in base 11?
-169a
Convert -161 (base 16) to base 9.
-432
Convert -10210110 (base 3) to base 2.
-101011001110
What is 12112 (base 3) in base 4?
2111
What is 1550 (base 8) in base 6?
4012
What is 377 (base 11) in base 14?
23d
Convert 12032 (base 4) to base 8.
616
Convert 130110 (base 4) to base 13.
a95
What is 1765 (base 16) in base 6?
43421
Convert 2484c (base 13) to base 2.
10000011011111110
Convert -246 (base 13) to base 8.
-614
Convert -5144 (base 9) to base 13.
-1939
Convert 1051523 (base 6) to base 11.
3725a
17043 (base 9) to base 14
439d
512 (base 6) to base 8
274
Convert 111112 (base 4) to base 12.
95a
What is 111100 (base 4) in base 14?
6d2
Convert 1001111000 (base 2) to base 3.
212102
Convert 1ab6 (base 14) to base 13.
22a2
739 (base 16) to base 12
10a1
Convert 11000120 (base 3) to base 5.
43211
What is 1513 (base 13) in base 4?
233302
1057 (base 8) to base 10
559
1746 (base 14) to base 6
31202
-87 (base 14) to base 13
-92
What is 840 (base 14) in base 11?
1247
What is -1030 (base 5) in base 15?
-95
Convert -54 (base 11) to base 3.
-2012
Convert 1201 (base 15) to base 11.
2969
What is 2100 (base 10) in base 14?
aa0
Convert 990 (base 10) to base 13.
5b2
Convert -78622 (base 9) to base 2.
-1100110000101001
What is -3715 (base 9) in base 7?
-11033
410a (base 11) to base 15
193a
Convert -223442 (base 5) to base 2.
-1111100111101
345 (base 16) to base 14
43b
What is beb (base 15) in base 6?
20252
101111111001 (base 2) to base 16
bf9
-120665 (base 7) to base 6
-245342
Convert -202021 (base 3) to base 16.
-223
Convert -5050 (base 6) to base 5.
-13420
20690 (base 10) to base 11
145aa
What is -5da (base 14) in base 10?
-1172
2720 (base 9) to base 6
13243
-391 (base 14) to base 13
-430
Convert 1111010 (base 3) to base 8.
2073
What is -1134111 (base 5) in base 8?
-51244
What is 394 (base 16) in base 5?
12131
Convert 6660 (base 8) to base 13.
1797
Convert -23440 (base 10) to base 13.
-a891
684 (base 11) to base 4
30302
What is 23223 (base 4) in base 10?
747
-aa5 (base 14) to base 12
-1275
Convert 181 (base 15) to base 4.
11122
442 (base 10) to base 6
2014
78d (base 15) to base 13
a15
-5474 (base 10) to base 7
-21650
What is -5114 (base 12) in base 16?
-2260
What is -25244 (base 7) in base 12?
-3a1b
2d1 (base 15) to base 10
646
What is -657 (base 15) in base 10?
-1432
What is 153213 (base 7) in base 12?
153b9
1100010100100 (base 2) to base 7
24251
Convert 262 (base 11) to base 8.
466
What is 4705 (base 8) in base 4?
213011
Convert -5454 (base 7) to base 15.
-8a0
Convert -13022 (base 4) to base 14.
-24a
What is 474 (base 8) in base 12?
224
-466 (base 14) to base 16
-36a
Convert -218 (base 12) to base 10.
-308
120011102 (base 3) to base 5
323204
1431 (base 12) to base 14
bd3
Convert -441002 (base 5) to base 6.
-154011
Convert -44022 (base 5) to base 6.
-21540
Convert -1112021 (base 5) to base 11.
-13831
-80a (base 16) to base 5
-31213
-323620 (base 7) to base 3
-2212120211
Convert -2011032 (base 4) to base 8.
-20516
Convert 2111010 (base 5) to base 2.
1000100100111010
4bb (base 12) to base 8
1317
-140404 (base 5) to base 9
-7765
10194 (base 16) to base 5
4102230
What is 1201 (base 12) in base 5?
31032
Convert -3442 (base 6) to base 10.
-818
What is 443044 (base 5) in base 16?
3c27
Convert -211021 (base 3) to base 9.
-737
6022 (base 9) to base 11
3335
-11200 (base 5) to base 7
-2222
What is -21102 (base 3) in base 2?
-11001000
Convert -3cb8 (base 15) to base 8.
-31306
-1563 (base 7) to base 9
-773
Convert 100111100001 (base 2) to base 11.
199a
What is -a86 (base 13) in base 9?
-2420
8548 (base 13) to base 8
44061
Convert 1104310 (base 5) to base 9.
28457
What is 10633 (base 10) in base 7?
43000
What is -10669 (base 13) in base 14?
-ab4a
What is 214 (base 15) in base 10?
469
6843 (base 10) to base 2
1101010111011
Convert 176c (base 16) to base 13.
2963
Convert 577 (base 16) to base 3.
1220211
Convert -16326 (base 8) to base 7.
-30344
Convert 301313 (base 4) to base 15.
e2b
What is 10100010001000 (base 2) in base 8?
24210
Convert 235 (base 11) to base 15.
13a
What is -13514 (base 6) in base 10?
-2134
Convert 10021111 (base 3) to base 2.
100101010101
What is 241 (base 10) in base 11?
1aa
What is -82 (base 12) in base 5?
-343
Convert 116615 (base 7) to base 13.
9a85
What is 311410 (base 6) in base 10?
24990
What is 222022200 (base 3) in base 10?
19188
What is 1100101101111 (base 2) in base 6?
50051
What is 1844 (base 11) in base 10?
2347
-55278 (base 11) to base 2
-10011100100111011
1065 (base 9) to base 15
378
-2529 (base 12) to base 2
-1000001110001
What is -339 (base 12) in base 11?
-3a4
Convert 1222001 (base 3) to base 13.
862
What is 4141 (base 7) in base 5?
21300
6213 (base 11) to base 12
492a
What is -12240 (base 5) in base 13?
-579
-1221202001 (base 3) to base 5
-2212244
Convert 46b0 (base 13) to base 6.
114013
What is -12330 (base 4) in base 8?
-674
347 (base 8) to base 5
1411
What is 330024 (base 6) in base 5?
1332412
Convert -aa9 (base 15) to base 13.
-1134
Convert -2d75 (base 14) to base 13.
-3921
Convert 1530 (base 7) to base 13.
37b
-1055 (base 10) to base 5
-13210
-32726 (base 13) to base 15
-1c0b2
What is -1641 (base 12) in base 6?
-20121
Convert 61 (base 7) to base 3.
1121
1244 (base 6) to base 5
2231
-5330 (base 6) to base 7
-3342
What is 4bb1 (base 12) in base 16?
21b5
Convert -11a9 (base 16) to base 7.
-16116
1000101110 (base 2) to base 3
202200
What is -35691 (base 10) in base 14?
-d015
What is a1c (base 13) in base 4?
122303
Convert 434 (base 12) to b